{"id":3212,"date":"2017-07-16T20:39:35","date_gmt":"2017-07-16T20:39:35","guid":{"rendered":"http:\/\/neuesdesign.dfg-frankfurt.de\/?page_id=3212\/"},"modified":"2021-03-10T16:29:11","modified_gmt":"2021-03-10T15:29:11","slug":"la-sfa","status":"publish","type":"page","link":"https:\/\/www.dfg-frankfurt.de\/fr\/la-sfa\/","title":{"rendered":"La SFA"},"content":{"rendered":"<section class=\"wpb-content-wrapper\">[vc_row][vc_column][vc_raw_html]JTNDaDIlMjBjbGFzcyUzRCUyMmNlbnRlcmVkJTIyJTNFJTNDc3BhbiUzRUxhJTIwU0ZBJTNDJTJGc3BhbiUzRSUzQyUyRmgyJTNF[\/vc_raw_html][\/vc_column][\/vc_row][vc_row][vc_column width=\u00a0\u00bb2\/3&Prime;][vc_column_text]La Soci\u00e9t\u00e9 Franco-Allemande existe depuis 80 ans et compte aujourd\u00b4hui plus de 600 membres actifs. Par notre programme de conf\u00e9rences et de manifestations culturelles, nous assurons une meilleure compr\u00e9hension franco-allemande et facilitons l&rsquo;entente entre les deux pays.<\/p>\n<p>La Soci\u00e9t\u00e9 Franco-Allemande propose un programme de manifestations, o\u00f9 alternent langues fran\u00e7aise et allemande, et aborde<\/p>\n<ul>\n<li>les <span class=\"highlight\">sujets politiques<\/span> en accueillant ministres, ambassadeurs de France et d&rsquo;Allemagne, en commentant les \u00e9lections fran\u00e7aises avec des journalistes fran\u00e7ais et allemands<\/li>\n<li>les enjeux du monde de la <span class=\"highlight\">finance et de la coop\u00e9ration industrielle<\/span> avec les principaux d\u00e9cideurs \u00e9conomiques et financiers des deux pays<\/li>\n<li>les <span class=\"highlight\">aspects culturels<\/span>, en assurant des conf\u00e9rences sur l&rsquo;Histoire, des concerts et visites priv\u00e9es lors d&rsquo;expositions d&rsquo;artistes fran\u00e7ais organis\u00e9es par les mus\u00e9es de Francfort.<\/li>\n<\/ul>\n<p>&nbsp;<\/p>\n<p>L&rsquo;histoire de la SFA contient tous les arguments qui nous importent. L&rsquo;argument \u00ab\u00a0plus jamais la guerre\u00a0\u00bb est d\u00e9pass\u00e9. C&rsquo;est un acquis d\u00e9cisif pour deux pays qui se faisaient la guerre en moyenne tous les 50 ans au cours des si\u00e8cles derniers. Il s&rsquo;agit de d\u00e9passer les st\u00e9r\u00e9otypes afin de faciliter la communication entre les deux pays.<\/p>\n<p>Les incompr\u00e9hensions ne manquent pourtant pas : la crise des banlieues, le \u00ab\u00a0non\u00a0\u00bb fran\u00e7ais au r\u00e9f\u00e9rendum sur le projet constitutionnel surprennent tout comme la panne du \u00ab\u00a0mod\u00e8le rh\u00e9nan\u00a0\u00bb.<\/p>\n<p>Nos conf\u00e9rences collent \u00e0 l&rsquo;actualit\u00e9 et permettent un d\u00e9bat ouvert avec les principaux d\u00e9cideurs des deux pays. Nos soir\u00e9es culturelles, qu&rsquo;il s&rsquo;agisse de concerts, d&rsquo;expositions ou de conf\u00e9rences historiques, sont autant d&rsquo;invitations au voyage.<\/p>\n<p>Afin de faciliter une meilleure compr\u00e9hension r\u00e9ciproque, il nous para\u00eet \u00e9galement important de l&rsquo;institutionnaliser : c&rsquo;est la raison pour laquelle nous avons cr\u00e9\u00e9 le \u00ab\u00a0Dialogue Franco-Allemand\u00a0\u00bb avec la Ville de Francfort, ou la <strong>Chaire d&rsquo;Economie francophone Raymond Barre<\/strong> \u00e0 l&rsquo;Universit\u00e9 de Francfort, ou encore lanc\u00e9 la \u00ab\u00a0Semaine du cin\u00e9ma fran\u00e7ais\u00a0\u00bb avec le Deutsches Filminstitut et l&rsquo;Institut Fran\u00e7ais.[\/vc_column_text][\/vc_column][vc_column width=\u00a0\u00bb1\/3&Prime;][vc_single_image image=\u00a0\u00bb3214&Prime; img_size=\u00a0\u00bb375&#215;211&Prime; add_caption=\u00a0\u00bbyes\u00a0\u00bb alignment=\u00a0\u00bbright\u00a0\u00bb][vc_empty_space][\/vc_column][\/vc_row][vc_row][vc_column][vc_column_text]\n[\/vc_column_text][\/vc_column][\/vc_row]\n<\/section>","protected":false},"excerpt":{"rendered":"<p>[vc_row][vc_column][vc_raw_html]JTNDaDIlMjBjbGFzcyUzRCUyMmNlbnRlcmVkJTIyJTNFJTNDc3BhbiUzRUxhJTIwU0ZBJTNDJTJGc3BhbiUzRSUzQyUyRmgyJTNF[\/vc_raw_html][\/vc_column][\/vc_row][vc_row][vc_column width=\u00a0\u00bb2\/3&Prime;][vc_column_text]La Soci\u00e9t\u00e9 Franco-Allemande existe depuis 80 ans et compte aujourd\u00b4hui plus de 600 membres actifs. Par notre programme de conf\u00e9rences et de manifestations culturelles, nous assurons une meilleure compr\u00e9hension franco-allemande et facilitons l&rsquo;entente entre les deux pays. La Soci\u00e9t\u00e9 Franco-Allemande propose un programme de manifestations, o\u00f9 alternent langues fran\u00e7aise et allemande, et aborde les [&hellip;]<\/p>\n","protected":false},"author":1,"featured_media":0,"parent":0,"menu_order":4,"comment_status":"closed","ping_status":"closed","template":"","meta":{"footnotes":""},"_links":{"self":[{"href":"https:\/\/www.dfg-frankfurt.de\/fr\/wp-json\/wp\/v2\/pages\/3212"}],"collection":[{"href":"https:\/\/www.dfg-frankfurt.de\/fr\/wp-json\/wp\/v2\/pages"}],"about":[{"href":"https:\/\/www.dfg-frankfurt.de\/fr\/wp-json\/wp\/v2\/types\/page"}],"author":[{"embeddable":true,"href":"https:\/\/www.dfg-frankfurt.de\/fr\/wp-json\/wp\/v2\/users\/1"}],"replies":[{"embeddable":true,"href":"https:\/\/www.dfg-frankfurt.de\/fr\/wp-json\/wp\/v2\/comments?post=3212"}],"version-history":[{"count":9,"href":"https:\/\/www.dfg-frankfurt.de\/fr\/wp-json\/wp\/v2\/pages\/3212\/revisions"}],"predecessor-version":[{"id":3218,"href":"https:\/\/www.dfg-frankfurt.de\/fr\/wp-json\/wp\/v2\/pages\/3212\/revisions\/3218"}],"wp:attachment":[{"href":"https:\/\/www.dfg-frankfurt.de\/fr\/wp-json\/wp\/v2\/media?parent=3212"}],"curies":[{"name":"wp","href":"https:\/\/api.w.org\/{rel}","templated":true}]}}

<section class="wpb-content-wrapper">[vc_row][vc_column][vc_raw_html]JTNDaDIlMjBjbGFzcyUzRCUyMmNlbnRlcmVkJTIyJTNFJTNDc3BhbiUzRUxhJTIwU0ZBJTNDJTJGc3BhbiUzRSUzQyUyRmgyJTNF[/vc_raw_html][/vc_column][/vc_row][vc_row][vc_column width= »2/3&Prime;][vc_column_text]La Société Franco-Allemande existe depuis 80 ans et compte aujourd´hui plus de 600 membres actifs. Par notre programme de conférences et de manifestations culturelles, nous assurons une meilleure compréhension franco-allemande et facilitons l&rsquo;entente entre les deux pays.</p>
<p>La Société Franco-Allemande propose un programme de manifestations, où alternent langues française et allemande, et aborde</p>
<ul>
<li>les <span class="highlight">sujets politiques</span> en accueillant ministres, ambassadeurs de France et d&rsquo;Allemagne, en commentant les élections françaises avec des journalistes français et allemands</li>
<li>les enjeux du monde de la <span class="highlight">finance et de la coopération industrielle</span> avec les principaux décideurs économiques et financiers des deux pays</li>
<li>les <span class="highlight">aspects culturels</span>, en assurant des conférences sur l&rsquo;Histoire, des concerts et visites privées lors d&rsquo;expositions d&rsquo;artistes français organisées par les musées de Francfort.</li>
</ul>
<p>&nbsp;</p>
<p>L&rsquo;histoire de la SFA contient tous les arguments qui nous importent. L&rsquo;argument « plus jamais la guerre » est dépassé. C&rsquo;est un acquis décisif pour deux pays qui se faisaient la guerre en moyenne tous les 50 ans au cours des siècles derniers. Il s&rsquo;agit de dépasser les stéréotypes afin de faciliter la communication entre les deux pays.</p>
<p>Les incompréhensions ne manquent pourtant pas : la crise des banlieues, le « non » français au référendum sur le projet constitutionnel surprennent tout comme la panne du « modèle rhénan ».</p>
<p>Nos conférences collent à l&rsquo;actualité et permettent un débat ouvert avec les principaux décideurs des deux pays. Nos soirées culturelles, qu&rsquo;il s&rsquo;agisse de concerts, d&rsquo;expositions ou de conférences historiques, sont autant d&rsquo;invitations au voyage.</p>
<p>Afin de faciliter une meilleure compréhension réciproque, il nous paraît également important de l&rsquo;institutionnaliser : c&rsquo;est la raison pour laquelle nous avons créé le « Dialogue Franco-Allemand » avec la Ville de Francfort, ou la <strong>Chaire d&rsquo;Economie francophone Raymond Barre</strong> à l&rsquo;Université de Francfort, ou encore lancé la « Semaine du cinéma français » avec le Deutsches Filminstitut et l&rsquo;Institut Français.[/vc_column_text][/vc_column][vc_column width= »1/3&Prime;][vc_single_image image= »3214&Prime; img_size= »375&#215;211&Prime; add_caption= »yes » alignment= »right »][vc_empty_space][/vc_column][/vc_row][vc_row][vc_column][vc_column_text]
[/vc_column_text][/vc_column][/vc_row]
</section>

<p>[vc_row][vc_column][vc_raw_html]JTNDaDIlMjBjbGFzcyUzRCUyMmNlbnRlcmVkJTIyJTNFJTNDc3BhbiUzRUxhJTIwU0ZBJTNDJTJGc3BhbiUzRSUzQyUyRmgyJTNF[/vc_raw_html][/vc_column][/vc_row][vc_row][vc_column width= »2/3&Prime;][vc_column_text]La Société Franco-Allemande existe depuis 80 ans et compte aujourd´hui plus de 600 membres actifs. Par notre programme de conférences et de manifestations culturelles, nous assurons une meilleure compréhension franco-allemande et facilitons l&rsquo;entente entre les deux pays. La Société Franco-Allemande propose un programme de manifestations, où alternent langues française et allemande, et aborde les [&hellip;]</p>
